be u(z). What is the highest common factor of i and 9?
1
Suppose -4*g - 3676 = -5*a, 4*a + 5*g - 3730 = -a. Calculate the highest common factor of 1924 and a.
148
Let x(y) = -2*y + 11. Let u be x(5). Let v be 8*1*(u - 3/(-3)). Suppose 0 = 5*w - v - 24. Calculate the greatest common divisor of w and 8.
8
Let z be -3 + 57 + (8/(-16) - 35/(-10)). Calculate the highest common divisor of z and 8436.
57
Let w(q) = -45 - 36*q - 31*q + 14. Let b be w(-5). Let l be (-2 - -3)/(16/b). What is the greatest common divisor of 114 and l?
19
Suppose -2*u - 77 = -13*u. Suppose -8*s = -u*s - 111. What is the highest common divisor of 74 and s?
37
Suppose 0 = 13*k - 48 + 9. Let i(p) = 2*p**3 + 7*p**2 + 4*p - 24. Let u be i(k). What is the greatest common factor of 140 and u?
35
Let w(v) = 126*v + 2 - 254*v - v**2 + 126*v + 118. Let p be w(0). Calculate the highest common divisor of 48 and p.
24
Suppose -27*d - 38 = -28*d. Calculate the highest common factor of 38 and d.
38
Let j be (567/45 - 13)/(60306/(-12060) - -5). Calculate the greatest common divisor of 516 and j.
12
Suppose 68510 = -13*s + 70018. What is the highest common factor of 20 and s?
4
Suppose 2*i + 34*w - 65 = 35*w, -4*w = 2*i - 60. Suppose t - 1 = m - 34, 5*m - 157 = -3*t. What is the highest common divisor of i and m?
32
Let z be ((-1656)/(-1863))/((-4)/(-54)). Suppose l + 1224 = 4*l. What is the highest common factor of z and l?
12
Suppose 1351 = -10*g + 3*g + 5495. What is the greatest common divisor of 12136 and g?
296
Let a(z) = -39*z**2 - 975*z + 21. Let d be a(-25). Calculate the greatest common divisor of 35 and d.
7
Let w be -1*(-1 - -2) - -1. Suppose -k - 14 = -3*o - w*k, -4*k + 40 = 4*o. Suppose 0 = 82*b - 115*b + 1584. Calculate the highest common factor of o and b.
6
Let s be -3 - 28/10*-25. Calculate the greatest common factor of s and 13869.
67
Let t(y) = -3*y**3 + 22*y**2 - 30*y - 6. Let v be t(3). Calculate the greatest common factor of 1106 and v.
7
Let y = 42495 + -39228. What is the highest common divisor of y and 54?
27
Let l = 8960 - 8947. Let i = 214 + 248. Suppose 0*j - 5*j = 25, 4*j + i = 2*c. What is the highest common factor of l and c?
13
Let g be 4/(196/21)*7*1. Suppose 0 = 7*j - 2*j + g*w + 37, -15 = 2*j + w. Let f be ((-6)/j)/(-4 + 2946/736). What is the highest common divisor of 23 and f?
23
Let z = -9443 - -24887. What is the greatest common divisor of z and 324?
108
Let z be ((72/(-150))/(-2)*-5)/(4/(-800)). What is the highest common factor of 1335 and z?
15
Let j(r) = r + 138. Let w be j(-66). Calculate the greatest common divisor of 512 and w.
8
Suppose 5*j + 3*l - 46 = 389, j + 2*l - 94 = 0. What is the highest common divisor of 3465 and j?
21
Let t(l) = l**3 + 7*l**2 - l - 38. Suppose 5*z = -3*r - 13, 0 = -5*r - 5*z - 7 - 18. Let d be t(r). Calculate the greatest common factor of 20 and d.
4
Let g = 40123 + -40060. Let u be 1 + (1 - (-1 - 0)). What is the highest common factor of g and u?
3
Let f be (5 + 2)*(-168)/(-49). Suppose 6*n + 6*n - f = 0. Suppose -n*x = -26 - 82. Calculate the highest common factor of x and 36.
18
Let m = -224 + 243. Suppose 1656 = m*q - 1593. What is the highest common factor of q and 57?
57
Suppose -3*j = -8*j - 4*t - 201, 0 = 4*t - 4. Let k be ((-262)/393)/((-2)/(-363)). Let l = j - k. Calculate the greatest common factor of l and 16.
16
Let o be (40/16)/((-1)/11)*(14 - 32). Calculate the highest common divisor of 225 and o.
45
Suppose -3*t - 2*o + 1598 = 0, -5*t - 636 + 3301 = 5*o. Let u be 14 + -33 + 20 - -27. What is the greatest common factor of t and u?
28
Let k be (((-160)/15)/16)/(1208/1209 + -1). What is the highest common divisor of k and 26?
26
Let q(l) = 4*l. Let s be q(7). Let r = 41 - 39. Suppose x = r*x - s. What is the greatest common divisor of 14 and x?
14
Let h = 256 - 61. Suppose 20*j - 2205 = -18*j - 11*j. Calculate the highest common divisor of j and h.
15
Let q = 515 + -273. Let x = 246 - 203. Let t = x - 21. What is the highest common divisor of t and q?
22
Let b be (1/5)/((-553)/(-6687745)) - 10/(-35). What is the highest common divisor of 123 and b?
41
Let z = -415 - -462. Suppose 49*d - 24 = z*d. Calculate the greatest common factor of 27 and d.
3
Suppose 118*i = 136*i - 9018. Calculate the highest common divisor of i and 334.
167
Let g = -22626 - -22814. Calculate the highest common factor of g and 12.
4
Suppose 0 = 2*k + 6, -n + 3*k = -0*k + 19. Let a = n + 84. What is the highest common divisor of 14 and a?
14
Let f be 32/(-14)*(660/(-40) + -8). What is the highest common divisor of f and 1092?
28
Let w be 4*1*4 - -1. Suppose -3 = y - 2*i, y + y - i = 0. Let n be y - -180 - (-3 - 3). What is the greatest common factor of w and n?
17
Let z(u) = -174*u**3 - 3*u**2 - 4*u - 3. Let q be z(-2). Let y = -852 + q. What is the highest common factor of y and 13?
13
Suppose -627*m + 3348 = -621*m. Let a = m - 286. Calculate the greatest common divisor of 204 and a.
68
Suppose 5*i - 10*i + 75 = 5*n, -2*i + 22 = -2*n. Suppose i*l = l + 696. What is the greatest common factor of 203 and l?
29
Suppose 35*w - 4*b - 248 = 31*w, -w + 2*b + 61 = 0. What is the greatest common divisor of w and 243?
9
Suppose 0 = 5*k + 5*n - 1 - 4, -n - 3 = 0. Suppose -k*l + 8*l - 864 = 0. Let u be l/9 - (-3)/1. Calculate the greatest common divisor of 135 and u.
27
Suppose 2*g = -6, 5*x + 5*g - 10*g = 600. Let t = x + -112. Suppose 4*n - 5*j - 721 = 1192, t*j = n - 482. What is the greatest common divisor of 53 and n?
53
Suppose -2*r = -l + 5, -2*r + 1 - 5 = 0. Let o = -42 + 45. Let w be ((-124)/20 - -5)/(o/(-10)). Calculate the highest common factor of l and w.
1
Let s = -4471 + 4575. Suppose k + 5*h = 179, 0 = -2*k + k + 2*h + 165. What is the greatest common divisor of k and s?
13
Suppose 1252*s + 297 = 1263*s. Suppose -66*f = -57*f - 1215. Calculate the highest common divisor of s and f.
27
Let v(h) be the second derivative of -h**5/20 - h**4/2 + 3*h**3/2 + 10*h**2 - 3*h + 27. Let n be v(-7). What is the highest common divisor of n and 60?
6
Let i = 38007 - 37972. Suppose -4*h + 7 + 21 = 0. Suppose c = -0*c + h. What is the highest common divisor of i and c?
7
Let w = 140 + -140. Suppose w*a - 5*u = -4*a + 182, -4*u = a - 56. What is the highest common factor of 16 and a?
16
Let l be ((-4)/6)/(-8 + (-1494)/(-189)). Let x be (-48)/7*l/(-2). Let i = -34 - -70. Calculate the highest common factor of i and x.
12
Let x = -6 + -20. Let b = 34 + x. Suppose 138 = 5*m - d, -3*d - b = 3*m - 80. Calculate the highest common divisor of m and 189.
27
Let a be 225/3 - (5 + -2)*1. Suppose -2*d + a = 10. Calculate the greatest common factor of d and 217.
31
Let u = -34692 + 34871. Calculate the greatest common factor of 56385 and u.
179
Suppose 5*b - 19*v - 15594 = -21*v, 0 = 5*b - 5*v - 15615. What is the highest common divisor of 13 and b?
13
Let x be (7/147*14)/(2/72). What is the highest common factor of 1464 and x?
24
Suppose 223*f - 246*f = -2760. What is the highest common factor of 585 and f?
15
Let f be 68/(-24)*-2 + 3/9. Suppose f*b = -0*b - 6. Let j = b - -29. Calculate the greatest common factor of j and 28.
28
Suppose 5*r = 20 + 10. Let z = r - -12. Let p = z - 11. What is the highest common divisor of 21 and p?
7
Let x be (-80162)/(-24) + (-82)/984. Calculate the highest common factor of x and 100.
20
Suppose 0 = -2*x - 5*r + 165, -2*r + 83 = 100*x - 99*x. Calculate the greatest common factor of 51 and x.
17
Let u(l) be the third derivative of -2*l**6/15 + l**5/30 + l**4/12 + l**3/3 - 72*l**2. Let z be u(-1). Calculate the greatest common factor of z and 30.
6
Suppose 0 = 4*c - 33 + 9. Let i(k) = k**3 - 8*k**2 + 7*k + 5. Let j be i(c). Let q = j - -60. What is the highest common divisor of q and 105?
35
Let v be (-210)/(-84)*479*120/5. What is the greatest common factor of 60 and v?
60
Let k be (-5)/(75/18)*(-448 + 3). Calculate the highest common factor of k and 1246.
178
Suppose 20 = -5*k, -5*k = 2*b + 235 - 55. Let g = b + 143. What is the greatest common divisor of 7 and g?
7
Let d = -38 + 35. Let f be -1*(0 - ((-15)/d - -89)). Calculate the highest common factor of f and 2.
2
Let f(x) = 30*x**2 + 52*x - 124. Let o be f(2). Calculate the greatest common divisor of o and 250.
50
Suppose -14*w + 555 = -9*w. Let c = w - -25. Sup